 t*(36/(-8) - -4) a prime number?
False
Let g(v) = 4799*v - 18. Let z be g(12). Suppose 17*p - 82969 = z. Is p composite?
True
Let c(h) = 243*h**3 + 6 - 15*h - 228*h**3 - 10*h**2 + 21 + 0*h. Is c(8) prime?
True
Let m = -246 + 248. Is (m/7 - (-198)/42) + 1406 prime?
False
Suppose 2*g = 3*p + 9, 0 = -g - g + p + 7. Suppose 5*m + g*f = -f + 8905, -2*f - 7124 = -4*m. Is m prime?
False
Suppose 28*k - 34*k = -36. Let w(c) = 6*c**3 + 10*c**2 - 20*c + 7. Is w(k) composite?
False
Is -2 + 5 - ((20 - 18) + (-2 - 401300)) prime?
False
Suppose -4*y - 2*w - 2*w - 232 = 0, 0 = 3*y - w + 154. Suppose 4*x + 33 = -0*i + 3*i, 0 = 5*x + 2*i + 47. Is (y/2)/(x/54) composite?
True
Suppose 4*t - w - 2825 = -4*w, 2*w + 2 = 0. Let j = t - -38. Is j a prime number?
False
Suppose -4*z = 5*a + 33, 3*z - 2*z - 2*a = -5. Let u be (-1)/z + 10344/14. Let x = 1094 - u. Is x a prime number?
False
Let u(m) = 8*m**2 + 23*m + 8. Let r = -698 + 679. Is u(r) a composite number?
False
Suppose 27462689 = 42*l + 11349221. Is l a composite number?
True
Suppose -i + 7 = 0, -55*i - 160121 = -2*d - 52*i. Is d prime?
True
Let p = 173925 - 44506. Is p a composite number?
False
Let m be ((-24)/24)/((-1)/(-2903)). Let z = 4376 + m. Let t = z - 232. Is t prime?
False
Let l(j) = j**3 + 5*j**2 - 9*j - 11. Let t be 1 + -2 - -18*(-7)/(-14). Is l(t) a prime number?
False
Suppose 246 = 2*l + 3*q, 2*q = 3*l - 2*l - 109. Let o = l - 119. Let k(f) = -300*f - 11. Is k(o) a prime number?
False
Suppose 5*m - 2*k = 2021, -2*m + 995 - 179 = 3*k. Let l(x) = 8*x**3 - 13*x**2 + 9*x - 8. Let v be l(5). Let i = v - m. Is i composite?
False
Let c be (64/6)/((-52)/78). Is 1/((1/(-668))/(68/c)) a prime number?
False
Suppose 10 + 6 = 2*x - 4*l, -5*x + 2*l + 16 = 0. Suppose -3*a + x*g + 3251 = 0, -6*g + 4338 = 4*a - 8*g. Is a prime?
True
Let v(c) be the third derivative of -c**5/60 - c**4/24 + 1003*c**3/6 - 737*c**2 + 1. Let p = 0 - 0. Is v(p) composite?
True
Let k(x) = -151*x + 38. Let i(p) = -1. Let b(g) = -3*i(g) + k(g). Is b(-8) composite?
False
Let l(x) = 2470*x**2 - 72*x + 884. Is l(9) composite?
True
Suppose 8 = 2*q, -q = c + 3*q - 326. Suppose 4*k = 2*m + 650, -m + 5*k - c = -0*m. Let b = 702 + m. Is b prime?
True
Is 110248 - -14 - -12 - 10/2 a prime number?
True
Let y(s) = 5229*s + 1144. Is y(15) a prime number?
True
Let u = 70 - 99. Let s = -27 - u. Suppose 0 = -s*t + 3*z + 2782, -t - 2*z + 1405 = -0*t. Is t composite?
True
Suppose 4 = p + 5*b - 19, -5*p = -b - 11. Let j be ((-5664)/(-56))/(22/7 - p). Suppose -2*k = -4*a - j, -3*a + 8*a = 20. Is k prime?
False
Let d(t) = 148*t**3 - 16*t**2 - 12*t + 103. Is d(9) prime?
True
Let j(q) = 39*q**3 - 5*q**2 - 43*q + 420. Is j(17) prime?
True
Suppose -17 = -i - 0*h - 4*h, -5*i - 5*h + 40 = 0. Is 269/(i/165*3) prime?
False
Suppose 12 = 3*u, 0 = -3*j - 2*j - 4*u + 91. Suppose 0*l = -5*l + j, 4*k + 2*l = 42. Suppose 4*n - k*n = -2705. Is n a prime number?
True
Let a(g) = 897*g**2 + 9*g - 161. Is a(9) composite?
False
Suppose 2*y + 2*y = s - 1214, y + 1 = 0. Suppose -3*g + 5130 = 3*g. Let p = s - g. Is p prime?
False
Suppose -t = -2*i - 2, -3*t + 14 = -i - 3*i. Let d be t + -2 + 1*-3. Suppose 3*j - 87 + 472 = f, 0 = -5*f - d*j + 1885. Is f a composite number?
False
Suppose 9*j = -n + 11*j + 6583, 0 = 5*j - 15. Is n composite?
True
Let a = 108 - 12. Is -20*(-394)/4 + a/32 prime?
True
Suppose -2*k = -5*z - 3, 3*k - 3*z + 2 = 11. Let i(p) = 106*p**2 - 6*p - 13. Let w be i(k). Is (1/(-3))/((-7)/w) prime?
True
Let s(f) = 50*f**2 - 15*f - 125. Let d be s(-16). Let m = d + -9196. Is m composite?
False
Let c be (7 + 2)*10/5. Let k(r) = -r**3 + 26*r**2 + 2*r - 5. Is k(c) prime?
False
Let d(p) = 4421*p**2 + 192*p - 16. Is d(3) a composite number?
True
Suppose 5*p - 201358 = -h + 62930, 3*h - 793004 = 5*p. Is h a composite number?
False
Let p(g) = 9 + 12 + 17 + g - 33. Let x be p(4). Suppose 3951 = 12*z - x*z. Is z a prime number?
False
Suppose -20*k + 12*k + 63024 = 0. Suppose k = 2*g - 34400. Is g prime?
True
Let t(m) = -2191*m - 538. Is t(-5) composite?
True
Let a(h) be the third derivative of 7*h**5/3 + 5*h**3/6 - 15*h**2. Let r be a(6). Let z = -3492 + r. Is z composite?
False
Is (-2088103)/(-15) + 65/(33150/68) composite?
True
Let j(y) = -38*y + 8455. Let b be j(0). Let x = 4912 + b. Is x a composite number?
False
Let s be (-4)/1*(95/(-4))/5. Suppose -5*a + 67656 = s*a. Is a a composite number?
False
Is 4*701/(-2)*(-190)/20 a composite number?
True
Let j(k) = 684*k**2 - 12*k - 383. Is j(-19) a prime number?
True
Suppose 0 = 10*w - 38 + 8. Suppose -3*s - w*l + 2751 = 0, 0 = -2*s - 8*l + 10*l + 1842. Is s composite?
False
Let w = -126 + 128. Is (21281/(-13))/((1 - w)*1) a composite number?
False
Let c = 51 - 65. Let n be (-75)/(-105) + (-4)/c. Is (((-2)/(2/527))/n)/(-1) a prime number?
False
Suppose -7*w - 2*f + 208 = -12*w, w + f = -36. Is (-37 - w)*((-16404)/9)/(-4) composite?
False
Let i = 7 + -1. Suppose -6074 = -n + a - i*a, 0 = 2*a. Is n a composite number?
True
Suppose 3*a + 4 - 3 = 5*w, -3*w = 4*a - 18. Suppose -4*y - a*g - 54 = 0, -y = -8*g + 3*g + 25. Is 3381/9 + (-20)/y prime?
False
Suppose -3*m + x + 12 = -0*x, -4*m + 35 = 5*x. Suppose -m*h + 2050 = 5*j, 2*h = 3*h - 5*j - 416. Is h composite?
True
Suppose 114*n - 9300296 - 6864106 = 0. Is n composite?
False
Let s(h) = 817*h - 7028. Is s(93) prime?
False
Let h = 146 + -137. Suppose -1274 = -h*t + 28957. Is t prime?
True
Let z(v) = -2*v**2 - 15*v + 45. Let f be z(-10). Is ((-8)/280*f)/((-3)/(-561939)) prime?
True
Let x be (-390)/8*(-116)/87. Suppose x*w = 61*w + 23092. Is w a prime number?
False
Let k(g) = -8*g**2 - 8 + 7*g + 47*g**2 - 20*g**2 + 39*g**2. Let t be k(8). Suppose -b = 3*y - 2266, 5*y = -4*b - b + t. Is y a composite number?
False
Suppose 3*m = 2*m. Suppose m = 4*u, c - 7*u = -2*u + 1454. Is c a composite number?
True
Let a be (61 + -59)/(2/5). Suppose 5*m - 1229 = -3*j + 2852, a*j - m = 6783. Is j a composite number?
True
Suppose 4*z = -3*w - 13513 + 230103, -5*w + 162437 = 3*z. Is z composite?
True
Suppose 0*z + 15*z + 41820 = 0. Let m = 12323 + z. Is m a prime number?
False
Let d(x) = 3330*x**2 + 3*x + 2. Suppose 0*j - 32 = -4*j. Suppose -w + j = 9. Is d(w) prime?
True
Suppose -3*p = -3*b + 3, 0 + 3 = 4*b - 3*p. Let z(i) = i**3 - 2*i**2 + 5*i - 4063. Let y be z(b). Let d = -1940 - y. Is d a composite number?
True
Let r(g) = g + 11. Let m be r(-5). Let n(d) = -24 - 50*d - 3 - m + 423*d. Is n(4) a composite number?
False
Suppose 0 = -a - 5*t + 219, 13*a = 17*a - 4*t - 1020. Let x = -1 - -4. Suppose -1854 - a = -x*r. Is r prime?
True
Let r = 793642 - 82433. Is r a prime number?
True
Let z be (40/14)/2*287. Suppose -z = -b - 39. Is b composite?
True
Let y be ((-8)/3)/((-114)/171). Suppose 9*m + 4*s = y*m + 16293, -5*m - s = -16302. Is m composite?
True
Let t be (2 - 3)*(-2 - 1 - -3). Suppose -2*r - 2*b + 2008 = t, 4*r = -0*r - b + 4013. Is r a composite number?
True
Suppose -116*w - 5*z = -112*w - 598617, 0 = -5*w - 5*z + 748280. Is w prime?
False
Is -1*(-6 + 7)*-66319 a composite number?
True
Suppose 18*f - 89116 + 28924 = 0. Let n = 5137 - f. Is n a prime number?
False
Let t = -39351 - -180830. Is t composite?
True
Suppose -3*g - 5*i + 243633 = -0*g, -5*i - 324844 = -4*g. Is g a composite number?
True
Suppose 4953327 = 47*q - 1729274. Is q prime?
True
Let t be (-2 - (3 - 17))/((-2)/(-30)). Let b = 126 - t. Let s = -21 - b. Is s composite?
True
Let m(f) be the third derivative of -73*f**6/720 + 11*f**5/120 + 11*f**4/24 + 12*f**2. Let z(q) be the second derivative of m(q). Is z(-12) composite?
False
Let j = 604 + -704. Is (75/j)/(2/(-24088)) a prime number?
False
Suppose -14*p = -170828 - 123186. Is p a prime number?
True
Let b(c) = c**3 + 5*c**2 - 7. Let i be b(-4). Suppose i*u = 6*u + 15. Suppose 0*p + 15815 = u*p. Is p a composite number?
False
Let p be 3*(1/(-2))/(12/(-24)). Let u be -1*(p + 25)*-12. Suppose -f - 4*x = -135, -x - u + 21 = -2*f. Is f a composite number?
True
Suppose 5*h - 7*h = -708. Suppose -n - l = 3*l + 366, l = -n - h. Let k = 981 + n. Is k a prime number?
True
Let j be 2 - 1940 - (-1)/1. Let n(r) = -406*r + 8. Let x be n(-8). Let p = x + j. Is p composite?
False
Is (-4)/18 + 902/(-410)*(-212765)/9 composite?
False
Let a = 1957 + 23476. Let u = a + -16494. Is u composite?
True